ose -21*n + 53*n - 1120 = 0. Let p = 12 + -8. Let r = 1 + p. What is the greatest common divisor of r and n?
5
Suppose 8*m - 4*m = c + 526, -3*m + 3*c = -390. Calculate the greatest common divisor of 330 and m.
66
Let w be -1 + 1 + ((-3)/(-3) - 0). What is the greatest common factor of w and 83?
1
Let q = -1 + 6. Calculate the highest common divisor of 2 and q.
1
Let x be (-2)/9 - 148/(-18). Let k = 4052 - 4012. Calculate the highest common divisor of k and x.
8
Let w(v) = 2*v**2 + 8*v**2 - 10*v - 6*v - v**3 + 10. Let u be w(8). What is the greatest common factor of 20 and u?
10
Suppose 4*d - 2*n = 5*d - 9, -23 = -5*d + n. Suppose 2*s = 5*s - 45. What is the highest common divisor of d and s?
5
Suppose -8 = 5*c - 493. Suppose c*u - 102*u + 1575 = 0. Calculate the highest common divisor of 35 and u.
35
Suppose 5*n + 253 = 6*n. Suppose 4*g - 83 = n. Calculate the greatest common divisor of g and 14.
14
Let w = -1280 + 1929. What is the highest common divisor of 59 and w?
59
Let o be -9*2/(-6) - (-10)/2. Let v be (2/3)/((-3)/(-9)). Let r = -1 + v. What is the highest common factor of o and r?
1
Let j(n) be the first derivative of -n**4/4 - 2*n**3/3 + 4*n**2 + 14*n + 21. Let g be j(-4). What is the highest common factor of 126 and g?
14
Suppose 0 = -2*c + 24 - 18. Let s be 53 - c/(6/(-8)). Calculate the greatest common factor of s and 19.
19
Let w = 1229 - 661. What is the highest common factor of 8 and w?
8
Suppose -5*o = -4*k + 785, -5*k + o - 4*o = -1009. Let b(g) = -g**3 + 10*g**2 - 2*g + 17. Let w be b(9). Calculate the highest common factor of k and w.
40
Let c(h) = 2*h**2 - 8*h + 16. Let n be c(10). Let m be (-3)/(-9) - (n/(-6) - -5). What is the highest common divisor of 15 and m?
3
Let y(j) = 8*j + 2. Let x = -20 - -22. Let s be (1/2)/(1/x). Let g be y(s). What is the greatest common divisor of 90 and g?
10
Let y(g) = -23*g**2 + 46*g - 60. Let q(d) = 8*d**2 - 15*d + 20. Let c(v) = -17*q(v) - 6*y(v). Let f be c(10). Calculate the greatest common factor of f and 110.
10
Let v = -4 + 0. Let x be (-1998)/(-63) + v/(-14). Suppose 4*d + x = 5*y - y, -16 = 3*y + 5*d. What is the highest common factor of y and 21?
3
Suppose 0 = -s - 0*s + 3. Suppose 2*g + 4*q - 228 = 0, -s*g + 447 = g + 5*q. Let u = 39 + -27. What is the highest common divisor of g and u?
12
Let t(r) = -r**3 + 6*r**2 + 5*r + 9. Let l be t(7). Let v be (2 - (-68)/(-10))*l. Let o be (0 - -28) + v/(-6). What is the highest common factor of o and 12?
12
Let k(q) = 2*q**2 - 2*q + 1. Let u be k(2). Suppose -2*i + 13 = 11. Let b = u - i. What is the highest common divisor of b and 2?
2
Suppose 50*f = 41309 + 5091. What is the highest common divisor of f and 64?
32
Suppose 4*x + 118 = 370. Calculate the greatest common factor of x and 9.
9
Let r be 267/2 - 15/(-30). Let n be (-5 + r)*(0 + 1). Calculate the highest common divisor of 86 and n.
43
Let l = -10287 - -10297. Let n be (-1)/(-2) - 6/(-4). Suppose n*v + 2*v - 160 = 0. What is the greatest common factor of l and v?
10
Suppose 2*n = -5*q - 6 + 5, -3*q - 75 = -5*n. Let v be 540/3*n/16. Let u = -79 + v. Calculate the greatest common factor of u and 8.
8
Let a(f) = 12*f - 1. Let v be a(3). Let d be 1/((2/(-28))/(2/(-4))). Suppose 15 = -d*t + 10*t. What is the greatest common factor of t and v?
5
Let w(s) = -s**3 + 9*s**2 - 11*s - 17. Let u be w(4). Calculate the highest common divisor of 1957 and u.
19
Let h be -4 + ((-4)/18 - 5621/99). Let n = 157 + h. What is the highest common factor of n and 24?
24
Suppose 0 = 10*n - 12*n + 236. Suppose -7*j = -8 - n. Calculate the greatest common divisor of j and 198.
18
Suppose 0 = 9*q - 11*q + 48. Let k = q + 16. What is the highest common divisor of k and 60?
20
Let m be (3 - 2 - -37)/(46/368). What is the greatest common factor of m and 19?
19
Suppose 3 + 1 = -2*n. Let f be n/(-3)*(-6)/(-4). Let g = 0 + 1. What is the greatest common divisor of g and f?
1
Let q be ((-24)/15)/((-4)/90). Suppose 39 - 7 = 2*t. Suppose t*d - 120 = 11*d. Calculate the greatest common factor of q and d.
12
Suppose 10*y - 1587 = -13*y. Calculate the greatest common divisor of 483 and y.
69
Let v be (3 - 42/15) + (-2778)/(-10). Suppose -11*n = 80 - v. What is the highest common factor of n and 2?
2
Let m(z) = 2*z**2 - 29*z - 73. Let c be m(26). What is the highest common factor of 21 and c?
21
Let y = 189 + -144. What is the highest common factor of 15 and y?
15
Suppose -2*l - l + 99 = 0. Suppose 4*f = -16, 0 = 2*h - 3*f + 7 - l. What is the greatest common divisor of h and 56?
7
Let q(s) = s**3 + 7*s**2 + 12. Let g be q(-7). Suppose -d = -21 - 3. Suppose -d = -4*j - 0*j. Calculate the greatest common factor of g and j.
6
Suppose 0 = 5*l + g - 82, 5*g = 4*l + g - 56. Calculate the highest common factor of 92 and l.
4
Let n = 89 - 79. Let c = -10 + 25. Calculate the highest common divisor of c and n.
5
Suppose 115*l + 741 = 134*l. Let h be 286/(1 + (-2)/6). Calculate the greatest common divisor of l and h.
39
Suppose 2*v = -2*v + 16. Let r(x) = 2*x - 1. Let p be r(v). Suppose d = p - 4. Calculate the greatest common divisor of 24 and d.
3
Let s be 2 - 0*(-2)/(-14). What is the greatest common factor of 2 and s?
2
Let i = -456 - -482. What is the greatest common divisor of i and 39?
13
Let x = 221 + -218. What is the highest common factor of 27 and x?
3
Let q = 354 + -325. Let m(z) = z**3 + 7*z**2 - 4*z - 2. Let t be m(-6). What is the highest common factor of t and q?
29
Let h(s) = 9*s + 2. Let r be h(12). Let m be 15 - (-2 - 13)/(-3). What is the greatest common factor of m and r?
10
Let j(r) be the third derivative of r**4/8 + 7*r**3/6 + 5*r**2. Let z be j(13). Suppose -23*l + 345 = -18*l. What is the highest common factor of l and z?
23
Suppose 3*u - 74 = -u - 5*c, 5*u - 101 = -2*c. Calculate the highest common divisor of u and 546.
21
Suppose -731 + 3239 = 12*i. What is the highest common divisor of i and 33?
11
Let b = 651 - 391. Calculate the highest common divisor of b and 195.
65
Suppose 2*l - 44 = -0*l. Let k(a) = -a**2 - 18*a + 10. Let p be k(-15). Calculate the highest common divisor of l and p.
11
Suppose -l - 5 = -2*m + 5, -2*m + 2*l = -6. Let r(n) = 2*n**2 + n + 1. Suppose -5*k + 4*k - 2 = 0. Let c be r(k). What is the highest common divisor of c and m?
7
Let d = 359 - 357. Let p be 68/18 + 4/18. Calculate the highest common factor of d and p.
2
Let i(j) = 2*j + 105. Let q be i(-3). Suppose -2*c - 4 + 2 = 0. Let k be (1*-3)/(c/3). Calculate the greatest common divisor of k and q.
9
Let y(d) = 2*d**2 - 21*d - 6. Let b(l) = -l**2 - l - 1. Let i(t) = -b(t) - y(t). Let c be i(15). Calculate the highest common divisor of 14 and c.
14
Let y be (-206)/(-14) - 5/(-70)*4. Calculate the highest common factor of y and 375.
15
Let n be 3 + (-3 - (-3 - -1)). Suppose -m - 3*o + 196 = 0, n*m - 4*m + 359 = -5*o. Suppose m = 5*x - 38. Calculate the greatest common divisor of 5 and x.
5
Let p = -56 - -196. Let u = p - 95. Calculate the greatest common factor of 18 and u.
9
Let l = 328 - 136. What is the highest common factor of 72 and l?
24
Suppose -11891*a + 11889*a = -132. What is the greatest common divisor of a and 6?
6
Let p = 293 - 269. Calculate the greatest common factor of 348 and p.
12
Let g be ((-48)/3 + 0)/(-2). What is the highest common factor of g and 8?
8
Suppose -5*q + 2*h = -5, -7 = q + 3*h + 9. Let u be q/((-3)/84*1). Let y = 139 - 125. What is the greatest common factor of y and u?
14
Suppose -3*k - 196 = 4*u + 111, 295 = -3*k - u. Let w be (-1 - k) + (10 - 10). Suppose -4*q + q + w = 0. Calculate the highest common divisor of q and 4.
4
Let s be 9/((-47)/(-11) + -4). Calculate the greatest common divisor of s and 473.
11
Suppose 0 = 17*a + 20*a - 296. Calculate the highest common factor of a and 40.
8
Let b = 5 + -5. Suppose -u - 2*p = -46, b*u - 4*u + 4*p + 232 = 0. Let s = 17 - 11. Calculate the highest common factor of s and u.
6
Let d be (-45)/(-9) + -7 - -38. Calculate the greatest common divisor of d and 126.
18
Suppose -3*w + 1 = t - 14, 5*w + t - 27 = 0. Suppose -w*j + 690 = -0*j. Let z be (-4)/1*(-23)/4. Calculate the highest common divisor of j and z.
23
Suppose 3*y + 2*y - 240 = 4*p, -3*y - 5*p + 144 = 0. Calculate the greatest common divisor of y and 72.
24
Let k(o) = -2*o - 41. Let d